{"id":225,"date":"2016-12-14T18:17:33","date_gmt":"2016-12-14T17:17:33","guid":{"rendered":"https:\/\/cloud.holz-platten.at\/osmo\/?page_id=225"},"modified":"2016-12-19T18:25:11","modified_gmt":"2016-12-19T17:25:11","slug":"produkte","status":"publish","type":"page","link":"https:\/\/cloud.holz-platten.at\/osmo\/?page_id=225","title":{"rendered":"Produkte"},"content":{"rendered":"<div id=\"sk1\">\n<div>\n<h4 id=\"skt1\" style=\"text-align: right;\"><a class=\"\" href=\"http:\/\/www.osmo.de\/opencms\/links\/color.html\" target=\"_blank\">HOLZANSTRICHE<\/a><\/h4>\n<\/div>\n<div id=\"skb1\" style=\"text-align: right;\"><img loading=\"lazy\" decoding=\"async\" class=\"wp-image-67 size-full alignright\" src=\"https:\/\/cloud.holz-platten.at\/osmo\/wp-content\/tmp\/2016\/12\/osmo_startseite_mbo_col_produktbereich.jpg\" width=\"190\" height=\"94\" \/><\/div>\n<div>\n<div style=\"text-align: right;\"><\/div>\n<div id=\"sktx1\" style=\"text-align: right;\"><a class=\"\" href=\"http:\/\/www.osmo.de\/opencms\/links\/color.html\" target=\"_blank\">Nat\u00fcrliche Holzanstriche<br \/>\nf\u00fcr innen und au\u00dfen<\/a><\/div>\n<\/div>\n<\/div>\n<div style=\"text-align: right;\"><\/div>\n<div id=\"sk2\">\n<div>\n<h4>\u00a0<a class=\"\" href=\"http:\/\/www.osmo.de\/opencms\/links\/fussboden.html\" target=\"_blank\">FUSSBODEN<\/a><\/h4>\n<\/div>\n<div id=\"skb2\">\n<p><img loading=\"lazy\" decoding=\"async\" class=\"wp-image-252 alignleft\" src=\"https:\/\/cloud.holz-platten.at\/osmo\/wp-content\/tmp\/2016\/12\/1713A3-1-e1482167468175-300x149.jpg\" width=\"190\" height=\"94\" \/><\/p>\n<\/div>\n<div>\n<div id=\"sktx2\"><a class=\"\" href=\"http:\/\/www.osmo.de\/opencms\/links\/fussboden.html\">Massivholzdielen,<\/a><\/div>\n<div><a class=\"\" href=\"http:\/\/www.osmo.de\/opencms\/links\/fussboden.html\">Creativ-Dielen,<\/a><\/div>\n<div><a class=\"\" href=\"http:\/\/www.osmo.de\/opencms\/links\/fussboden.html\">Zubeh\u00f6r<\/a><\/div>\n<\/div>\n<\/div>\n<div><\/div>\n<div id=\"sk3\">\n<div>\n<h4 id=\"skt3\" style=\"text-align: right;\"><a class=\"\" href=\"http:\/\/www.osmo.de\/opencms\/links\/garten.html\" target=\"_blank\">GARTEN<\/a><\/h4>\n<\/div>\n<div id=\"skb3\" style=\"text-align: right;\"><img loading=\"lazy\" decoding=\"async\" class=\"wp-image-58 size-full alignright\" src=\"https:\/\/cloud.holz-platten.at\/osmo\/wp-content\/tmp\/2016\/12\/g0987_Multideck-e1482167384534.jpg\" width=\"190\" height=\"94\" \/><\/div>\n<div>\n<div id=\"sktx3\" style=\"text-align: right;\"><a class=\"\" href=\"http:\/\/www.osmo.de\/opencms\/links\/garten.html\">Holzterrassen,<\/a><\/div>\n<div style=\"text-align: right;\"><a class=\"\" href=\"http:\/\/www.osmo.de\/opencms\/links\/garten.html\">Sichtblenden,<\/a><\/div>\n<div style=\"text-align: right;\"><a class=\"\" href=\"http:\/\/www.osmo.de\/opencms\/links\/garten.html\">Gartenh\u00e4user<\/a><\/div>\n<\/div>\n<\/div>\n<div style=\"text-align: right;\"><\/div>\n<div id=\"sk4\">\n<div>\n<h4 id=\"skt4\"><a class=\"\" href=\"http:\/\/www.osmo.de\/opencms\/links\/fassaden.html\" target=\"_blank\">FASSADEN<\/a><\/h4>\n<\/div>\n<div id=\"skb4\"><img loading=\"lazy\" decoding=\"async\" class=\"wp-image-51 size-full alignleft\" src=\"https:\/\/cloud.holz-platten.at\/osmo\/wp-content\/tmp\/2016\/12\/1728A3-e1482166885681.jpg\" width=\"190\" height=\"92\" \/><\/div>\n<div>\n<div>.<\/div>\n<div id=\"sktx4\"><a class=\"\" href=\"http:\/\/www.osmo.de\/opencms\/links\/fassaden.html\">Massivholz-<\/a><\/div>\n<div><a class=\"\" href=\"http:\/\/www.osmo.de\/opencms\/links\/fassaden.html\">Fassadensysteme<\/a><\/div>\n<\/div>\n<\/div>\n<div><\/div>\n<div id=\"sk5\">\n<div>\n<h4 id=\"skt5\" style=\"text-align: right;\"><a class=\"\" href=\"http:\/\/www.osmo.de\/opencms\/links\/innenholz.html\" target=\"_blank\">INNENHOLZ<\/a><\/h4>\n<\/div>\n<div id=\"skb5\" style=\"text-align: right;\"><img loading=\"lazy\" decoding=\"async\" class=\"wp-image-251 size-full alignright\" src=\"https:\/\/cloud.holz-platten.at\/osmo\/wp-content\/tmp\/2016\/12\/945R_MHD_Eiche-weiss-1-e1482167630594.jpg\" width=\"190\" height=\"94\" \/><\/div>\n<div>\n<div style=\"text-align: right;\"><\/div>\n<div id=\"sktx5\" style=\"text-align: right;\"><a class=\"\" href=\"http:\/\/www.osmo.de\/opencms\/links\/innenholz.html\">Massivholzprofile,<\/a><\/div>\n<div style=\"text-align: right;\"><a class=\"\" href=\"http:\/\/www.osmo.de\/opencms\/links\/innenholz.html\"> Schalungen<br \/>\nf\u00fcr Wand und Decke<\/a><\/div>\n<h4 style=\"text-align: left;\"><a class=\"\" href=\"http:\/\/www.osmo.de\/opencms\/links\/leisten.html\" target=\"_blank\">LEISTEN<\/a><\/h4>\n<\/div>\n<\/div>\n<div id=\"sk6\">\n<div id=\"skb6\">\n<p><img loading=\"lazy\" decoding=\"async\" class=\"wp-image-252 alignleft\" src=\"https:\/\/cloud.holz-platten.at\/osmo\/wp-content\/tmp\/2016\/12\/1713A3-1-e1482167975649-300x148.jpg\" width=\"190\" height=\"94\" srcset=\"https:\/\/cloud.holz-platten.at\/osmo\/wp-content\/tmp\/2016\/12\/1713A3-1-e1482167975649-300x148.jpg 300w, https:\/\/cloud.holz-platten.at\/osmo\/wp-content\/tmp\/2016\/12\/1713A3-1-e1482167975649.jpg 550w\" sizes=\"(max-width: 190px) 100vw, 190px\" \/><\/p>\n<\/div>\n<div>\n<div id=\"sktx6\"><a class=\"\" href=\"http:\/\/www.osmo.de\/opencms\/links\/leisten.html\">Funktionsleisten<\/a><\/div>\n<div><a class=\"\" href=\"http:\/\/www.osmo.de\/opencms\/links\/leisten.html\">Bastel-<br \/>\nund Bauleisten<\/a><\/div>\n<\/div>\n<\/div>\n<div id=\"sk7\">\n<div>\n<h4 id=\"skt7\" style=\"text-align: right;\"><a class=\"\" href=\"http:\/\/www.osmo.de\/opencms\/links\/leimholz.html\" target=\"_blank\">LEIMHOLZ<\/a><\/h4>\n<\/div>\n<div id=\"skb7\" style=\"text-align: right;\"><img loading=\"lazy\" decoding=\"async\" class=\"wp-image-60 size-full alignright\" src=\"https:\/\/cloud.holz-platten.at\/osmo\/wp-content\/tmp\/2016\/12\/IMG_2042-e1482167817307.jpg\" width=\"190\" height=\"94\" \/><\/div>\n<div style=\"text-align: right;\">\n<div id=\"sktx7\"><a class=\"\" href=\"http:\/\/www.osmo.de\/opencms\/links\/leimholz.html\">Arbeitsplatten,<\/a><\/div>\n<div><a class=\"\" href=\"http:\/\/www.osmo.de\/opencms\/links\/leimholz.html\">Treppenstufen,<\/a><\/div>\n<div><a class=\"\" href=\"http:\/\/www.osmo.de\/opencms\/links\/leimholz.html\">M\u00f6belt\u00fcren,<\/a><\/div>\n<div><a class=\"\" href=\"http:\/\/www.osmo.de\/opencms\/links\/leimholz.html\">Konstruktionsholz<\/a><\/div>\n<\/div>\n<\/div>\n","protected":false},"excerpt":{"rendered":"<p>HOLZANSTRICHE Nat\u00fcrliche Holzanstriche f\u00fcr innen und au\u00dfen \u00a0FUSSBODEN Massivholzdielen, Creativ-Dielen, Zubeh\u00f6r GARTEN Holzterrassen, Sichtblenden, Gartenh\u00e4user FASSADEN . Massivholz- Fassadensysteme INNENHOLZ Massivholzprofile, Schalungen f\u00fcr Wand und Decke LEISTEN Funktionsleisten Bastel- und Bauleisten LEIMHOLZ Arbeitsplatten, Treppenstufen, M\u00f6belt\u00fcren, Konstruktionsholz<\/p>\n","protected":false},"author":1,"featured_media":0,"parent":0,"menu_order":0,"comment_status":"closed","ping_status":"closed","template":"","meta":{"footnotes":""},"class_list":["post-225","page","type-page","status-publish","hentry"],"_links":{"self":[{"href":"https:\/\/cloud.holz-platten.at\/osmo\/index.php?rest_route=\/wp\/v2\/pages\/225"}],"collection":[{"href":"https:\/\/cloud.holz-platten.at\/osmo\/index.php?rest_route=\/wp\/v2\/pages"}],"about":[{"href":"https:\/\/cloud.holz-platten.at\/osmo\/index.php?rest_route=\/wp\/v2\/types\/page"}],"author":[{"embeddable":true,"href":"https:\/\/cloud.holz-platten.at\/osmo\/index.php?rest_route=\/wp\/v2\/users\/1"}],"replies":[{"embeddable":true,"href":"https:\/\/cloud.holz-platten.at\/osmo\/index.php?rest_route=%2Fwp%2Fv2%2Fcomments&post=225"}],"version-history":[{"count":7,"href":"https:\/\/cloud.holz-platten.at\/osmo\/index.php?rest_route=\/wp\/v2\/pages\/225\/revisions"}],"predecessor-version":[{"id":237,"href":"https:\/\/cloud.holz-platten.at\/osmo\/index.php?rest_route=\/wp\/v2\/pages\/225\/revisions\/237"}],"wp:attachment":[{"href":"https:\/\/cloud.holz-platten.at\/osmo\/index.php?rest_route=%2Fwp%2Fv2%2Fmedia&parent=225"}],"curies":[{"name":"wp","href":"https:\/\/api.w.org\/{rel}","templated":true}]}}